 - 0)))?
33
Evaluate -41 - (-14 - (-51 - -48)).
-30
What is -1 - -24 - (3750 + -3783 - (15 + -2))?
69
Evaluate -14 - (-118 + 87 + (-6 - 1)).
24
Evaluate -9 + (13 - 20 - -25) + 53 + 18.
80
What is the value of 0 - -57 - ((-1 + -23 - 5) + 42)?
44
-5 + 13 + 82 - (10 - (-5 - 3))
72
What is the value of 12 + (-7 + (6 - 1) - (59 + -50)) + 40?
41
What is the value of 33 + (22 + 8 - 61 - -6)?
8
19 - (18 + 25 + -19) - -19
14
Evaluate 11 + (-18 - (24 - 23)) + 66.
58
What is 6 + -1 + (0 - (6 - 7)) - -63?
69
-21 - (0 + 3) - (1205 - 1212)
-17
(-7 + -8 - -9) + -10 + 48
32
What is the value of (-9 - -5 - (-19 - -20) - 0) + -4 + -2?
-11
Evaluate -16 - (-22 - (-1 - -24 - (-578 + 600))).
7
Evaluate 126 - (91 - 92 - -230).
-103
(31 + (-15 - 10) - 65) + -6 + 0 + 1
-64
(7 - -5 - 6) + -372 + 402
36
What is (-11 - (-17 + 7 + -4)) + 8 + (63 - -10)?
84
What is 341 + -218 - (-3 - -37)?
89
What is the value of 1 + -2 - (-3 - -84 - 41)?
-41
Calculate -23 + (-9 - (27 - 21)) + 29.
-9
Calculate (0 - 3) + (0 + 1 - 2) - (5 + -3).
-6
What is the value of (-93 - -90) + -3 + (29 - 3)?
20
Calculate -51 + 1 + 7975 + -8004.
-79
Evaluate -12 - (20 - (-11 - -19 - -16)).
-8
What is the value of -28 + 0 + (159 - 143) - (-60 - 3)?
51
Evaluate (93 - 30 - 148) + 151.
66
What is 325 + -334 - (0 + 0 + -15) - 29?
-23
Calculate -5 - (22 - -9 - (-172 + 318)).
110
What is the value of (37 - 1) + (10 + -4 + 13 - (30 + -9))?
34
What is the value of -5 - -1 - ((17 - -7) + (15 - 2))?
-41
-7 + 0 - (2682 - 2714)
25
Calculate 1629 + -1562 + -1 + -62.
4
Evaluate 0 + -34 - (3698 + -3773).
41
Evaluate 60 - 38 - (-10 + (-2 + 4 - 1)).
31
Evaluate 9 - ((9 - (6 - -3)) + 46 - 10).
-27
What is 16 - (2 - 7 - (-200 - -184))?
5
What is the value of (-6 - -26) + (25 - (42 - 31))?
34
Evaluate 7 - (-1 + 2) - (11639 - 11650).
17
Evaluate -3 + -40 + 5 + -1 + -10.
-49
What is the value of (3 - (8 + -46)) + -304 + 325?
62
(-167 - -40 - -63) + 155
91
Evaluate -63 + (1 - 1 - 0) + 19 + 8 + -32.
-68
Evaluate -511 + 489 - (0 - 56).
34
85 - (-1 + (-8 - 13) + 64)
43
89 + -131 + (-101 - -100)
-43
What is -25 + (-79 - 2) + (46 - 21)?
-81
Calculate -13 - (23 + 32) - -47.
-21
21 - 29 - (61 - 32)
-37
Calculate -60 - (11 + 10 + -24) - ((-7 - -6) + -3).
-53
What is the value of 65 + (17 - 139) + 8?
-49
Calculate -2 - (-74 + 60 + 6).
6
Evaluate -58 - -8 - -117 - 54.
13
64 + 1 + -8 - 79
-22
What is 6 - 20 - (-9 + 2 + (10 - 59))?
42
What is -6 + (-10 - 0) + (22 - 29 - -5 - -13)?
-5
Calculate 19 - (18 - (5 + -26 + -20)).
-40
119 + -25 + 23 + -7 + -3 + -1 + 2
108
What is the value of -102 - -11 - -6 - (-7 - (3 - -8 - 13))?
-80
What is the value of 2 - -34 - (297 - (128 + 41))?
-92
Calculate 0 - 46 - (10 + -27 + 41 + -24 - -6).
-52
Evaluate 26 + 111 + -54 + -2.
81
-5614 + 5743 - (-20 - ((6 - 3) + -4))
148
(-87 - -4 - (-38 - -7)) + (-1 - -13)
-40
What is the value of 4 - ((138 - 59) + -150)?
75
What is 2 + 50 + -4 + 5 + (-7 - (-10 - -7))?
49
Evaluate 6 + (1 - (8 + (4 + -20 + -10 - -7))).
18
What is the value of -931 + 957 + (-61 - -2)?
-33
What is (-105 - -176 - 85 - (0 - 24)) + (0 - -23)?
33
Calculate 20 + 21 - (40 + 27).
-26
What is 42 - -44 - (38 + 63)?
-15
What is the value of -1 + -80 - (16 + -16) - (17 + -8 - 22)?
-68
Evaluate 115 - (36 + -15 - 21 - (8 - 2)).
121
What is the value of 7 - (0 + 3 + 0 + 87 + (-11 - -20))?
-92
What is (-1 - 3) + 29 + -354 + 272?
-57
Evaluate -195 + 310 - (7 - -37) - (1 + -14).
84
Evaluate (25 - 15 - 9) + (6 + -14 - -1).
-6
Calculate 51 - -3 - (-38 + 35) - 12 - -7.
52
What is 13 + (-5 - -2) + (-30 - -2) + (-320 - -361)?
23
What is the value of (-128 - 1) + (46 - 43) + -41 + 54?
-113
16 + (-4 - -3 - -3) + (271 - 255)
34
Calculate 2 - -87 - (391 - 251 - 126).
75
Calculate 7 - -1 - (19 + -15 - (-78 + 66)).
-8
Calculate -1 + (-1 + -6 - 2) - (1534 - 1502).
-42
What is -16 - -14 - (-4 + (-1 - -9) - (-19 + 14))?
-11
-11 + 13 - (33 - 17)
-14
What is 51 - -10 - (-1 - (-9 - -12 - 11))?
54
Calculate -13 - (0 + 14 + -21 + -112).
106
What is -44 - (-13 + (-23 + 31 - (-20 + 5)))?
-54
Evaluate (-24 + -14 + 30 - 7) + -12.
-27
What is -137 + 69 - (-6 + -11 + 7 + 22)?
-80
What is the value of -8 + -11 + -5 + 4 + 23 + (39 - 4)?
38
What is (-10 - (17 - 16)) + 16 - (-4 - 2)?
11
Calculate 12 - 3 - 3 - (67 - 29 - 25) - -51.
44
35 + (-55 - -36) - (52 + (4 - -2) + -8)
-34
What is (-3 - 0) + (-17 + 13 + -64 - 13) - -13?
-71
What is (-16 - -59) + -84 - -21?
-20
What is (54 + -28 - 55) + 14 + 32?
17
Evaluate 290 + -293 - (6 - 0) - (-8 - 34).
33
Evaluate (8 + 73 - 139) + -36.
-94
What is the value of -18 - ((-2114 - -2085) + (28 - -1))?
-18
Calculate -27 + -2 - (79 + -90 - 60).
42
What is the value of -38 + 12 + -4 + 12 + -20 + -1 + -8?
-47
-72 + 224 + -108 + 21
65
What is the value of -9 + 3 + -6 - (44 + -41 + -31)?
16
What is ((11 - 15) + -8 - (14 - 1)) + 12?
-13
(5 - -5) + -2 + (28 - -45 - 10) + -10
61
What is the value of -58 + 72 + 6 - 40 - (-1 - 129)?
110
Calculate 33 + -3 + 21 + -13 + 28 + -17.
49
Calculate -27 - (-6 - 19) - 10 - -17.
5
Calculate -47 - (16 + (-1 - -7) + -23 + 13).
-59
0 - (-147 - (-43 + -11))
93
45 - 19 - (13 + -29 - 12)
54
Evaluate 51 - (47 - -91 - 69).
-18
What is the value of 21 + 77 + 6 + (6 - (2 - -2 - -1))?
105
(-4 - -49) + -56 + (4 - (4 + 1)) + -1
-13
Calculate 0 + 1 + (1 - -2) + 198 + 339 + -524.
17
-1872 - -1850 - (65 + 0)
-87
Evaluate -24 + 39 + 3 + 26 + -1.
43
Calculate (19 + -1 - 10) + 38 + -14 - (0 + 9).
23
What is the value of 86 + -155 + 90 - (-25 - -2)?
44
175 + -171 + (21 - 0) - -14
39
Calculate -37 - (17 + (1 + 1 - 14)).
-42
What is the value of 0 + -3 + 120 + -126 + (2 - 1) + 46?
38
What is the value of -22 - (49 + (-11 - 56))?
-4
48 + -57 + 13 + (-10 - -2 - 1) + -13
-18
-113 + -1 + -7574 + 7634
-54
Evaluate 55 + 4 + 378 + -449.
-12
What is -5 + 3 + (-30 - 18) + (11 + 1 - 2)?
-40
Calculate 4 + (-37 - (0 - (42 + -24))).
-15
Evaluate 4 + 4 + -2 + 6 + (-5 + 8 - 35).
-20
Calculate -46 + -53 + 95 - -41.
37
Evaluate (-37 + 26 - -33) + -13.
9
What is the value of -36 + -2 + (1126 - 1014) - (-1 - -9)?
66
79 + (39 - 106) - (-42 + 0)
54
What is the value of 583 + -564 + (-118 - -8)?
-91
What is (8 + -3 - 13) + 46 + 35 + 4?
77
What is the value of -9 + (-3 - (-105 - 14)) + -20 + 6 + -7?
86
What is the value of -15 + (-9 - 8 - (13 - (-16 - -54)))?
-7
Calculate (-4 - 6) + -1 - (10 + (2 - 4) + -5).
-14
What is -58 + (-3 - ((-10 - -26 - 15) + -1))?
-61
What is 57 - 26 - (-89 + 71)?
49
Evaluate (-22 - (-28 - -48)) + 50.
8
What is the value of -50 - ((0 - -19) + (-947 - -931))?
-53
Calculate 9 - (-23 + -1 - (28 - 10 - 28)).
23
(14 - 65 - -13) + 50
12
Evaluate (-20 + (39 - 60) - -21) + 2.
-18
Calculate -6 + -3 - (-20 - -5 - -10) - 11.
-15
-83 + (75 - (39 + 29))
-76
What is -2 + -1 - (-7 + ((-1 - 93) + 3 - 18))?
113
Evaluate 137 + 21 + (-22 - 124).
12
(-8 + -14 - -20) + -29 - (-1 - -4)
-34
Evaluate -55 + (-50 - (-82 + -19)).
-4
-16 + (-14 + 16 - -4) - (40 + -1)
-49
Calculate -142 + 88 - (67 - 73).
-48
Evaluate 36 + (-5 - (27 + -11)) - (60 + -5 + 4).
-44
Calculate 4 + -26 + 11 + (0 - 0) + 61 + 3.
53
What is (-16 - 5) + 31 + -16 + (-18 - -2)?
-22
What is (-4 - -1) + (-10 - (47 - (-17 - (-41 + 5))))?
-41
Calculate 11 + 20 + 6 + 1 + (-5 + 19 - 9).
43
What is -165 + 201 + (-1 - 16) + 17?
36
What is ((5 - 14) + 0 + 5 - 10) + (49 - -28)?
63
Evaluate 6 + (-3 - 133) + (11 - (-8 - -15) - -7).
-119
14 + 9 + 14 + -34 + -1 + -14
-12
Calculate -39 + 2 + (3 - (13 + -2 + -26 + 11)).
-30
What is -21 - (10 + 4 - (6 + 4))?
-25
Evaluate (-872 - -842) + (1 - 1) - -69.
39
Calculate -12 + 2 + (1 - -14) + -5 + -75.
-75
Evaluate -65 - (-82 - (-32 + 77)).
62
Evaluate (-30 - -1) + -2475 + 2622.
118
Evaluate -21 - ((28 - (33 - 17)) + 11).
-44
What is 20 - (5 + -2) - (7 + (-71 - -51))?
30
What is -34 + 139 + -42 + (47 - 13)?
97
Calculate -1 + -3 + -21 - (33 + 12).
-70
Evaluate (152 - 245) + 7 + (5 - (23 + (-4 - 0))).
-100
Evaluate -107 + -6 + -7 + (28 - 14) + -18.
-124
What is the value of -17 + 54 + -32 + -18 + -1 + -16?
-30
Evaluate 8 - (-6 + (-3 - -34 - (-75 + 69))).
-23
What is 1 + 5 + -22 - (41 + 4 - -2)?
-63
What is the value of 14 + (15 - (43 + -23 + 9))?
0
What is the value of -15 + (31 - 14) + -6 + 18?
14
Evaluate (-39 - ((1 - (-8 - -3)) + -5)) + (-18 - -23).
-35
Evaluate -8 + (65 - -20) - (10 + -11) - 6.
72
What is the value